 digit of i?
3
Let u = -23 + 36. What is the tens digit of u?
1
Let u = 74 - 46. What is the units digit of u?
8
Let w = -9 - -11. Suppose -w*v - 2*v = -12. What is the units digit of v?
3
Let v = 3 + -1. Suppose 4*m = -4*i + 5*m + 8, -2 = -i + 3*m. Let w = v + i. What is the units digit of w?
4
Suppose 5*d - 720 = 4*a - 9*a, a + 576 = 4*d. What is the hundreds digit of d?
1
Let h(b) = -5*b - 2. Let j be h(-2). Let l(s) = 6*s - 1 - j*s**2 + 2 + s**3 + 2 + s**2. What is the units digit of l(6)?
3
Let l(t) = t**2 - 7*t + 10. Let d(x) = -x + 1. Let m(j) = 3*d(j) - l(j). Let h be m(5). Let z = 24 + h. What is the units digit of z?
2
Let h(b) = -b**2 + 10*b - 4. Let m be h(8). Suppose -5*l + 2*n + 19 = -12, 4*n + m = 0. Suppose l + 3 = 4*v. What is the units digit of v?
2
Let s = 132 + -9. What is the tens digit of s?
2
Let x = 6 + -4. Let b(m) = -2*m - 8. Let t be b(-4). Suppose t = -o - 0*o + x. What is the units digit of o?
2
What is the units digit of (16/(-10))/2*-10?
8
What is the units digit of (1350/(-12) - 6)/((-1)/2)?
7
Let a = -1 + 24. Suppose -a = -k - n, 11 = 2*n + 1. Suppose -3 + k = 5*g. What is the units digit of g?
3
Let f = -7 - -5. What is the tens digit of f + (2 - -3*9)?
2
Let f = 496 - 303. What is the units digit of f?
3
Let y(f) = -f**2 + 6*f + 6. Let x be y(6). Suppose -30 = 5*l - 10. Let t = x - l. What is the tens digit of t?
1
What is the tens digit of (-4)/(-6) - (-1396)/12?
1
Let c = -17 - -35. Let h = c + -8. What is the tens digit of h?
1
Let d(z) = -z + 12. Let n be d(5). Let t(g) = g**3 - 7*g**2 + 1. What is the units digit of t(n)?
1
Let c(h) be the first derivative of -h**3/3 + 11*h**2/2 - 2. Let j be c(8). Suppose 5*x + 2*k = 6 + 6, -3*x + 3*k + j = 0. What is the units digit of x?
4
What is the tens digit of -111*((-11)/3 + 3)?
7
Let j(a) be the third derivative of -a**6/120 - a**5/6 - a**4/2 - a**3/2 + 4*a**2. What is the units digit of j(-9)?
4
Let i(t) = 2*t**2 - 8*t - 15. What is the tens digit of i(8)?
4
Suppose -83 - 149 = -4*n. What is the tens digit of n?
5
Let r be 15/(-45) + (-26)/3. What is the units digit of (8/3)/(-4)*r?
6
Let m(g) = -2*g**2 + 8*g + 3. Let o(q) = -q**2 + q - 1. Let k(b) = -m(b) + o(b). Let r(n) = n**2 + 11*n - 17. Let u be r(-13). What is the tens digit of k(u)?
1
Let o(r) = -3*r - 6. Let c be o(-4). Suppose -2*i = -c*i. Suppose -11 = -h - i*h. What is the units digit of h?
1
Suppose 4726 = 17*m + 731. What is the hundreds digit of m?
2
Suppose -3*w - 9 = -0*w + 3*q, -3*q = -2*w - 6. Let m = 20 + w. What is the tens digit of m?
1
Let d(k) be the first derivative of -k**2 - 12*k - 3. What is the units digit of d(-9)?
6
Suppose 0 = 8*f - 5*f. What is the units digit of (-2)/(f - -2) + 2?
1
Let m(h) = -h**2 - 5*h. Let w(p) = -4*p**2 - 15*p. Let q(f) = -7*m(f) + 2*w(f). What is the units digit of q(4)?
4
Let l(u) = 0 + 4*u - u**2 - 11*u - 1. Let a be l(-5). Suppose 5*m = 11 + a. What is the units digit of m?
4
Let n(z) = -z**3 - 8*z**2 - 9*z - 4. Let y be n(-7). Let l = 27 - y. Let a = -10 + l. What is the units digit of a?
7
Let a(w) be the second derivative of w**4/12 + 5*w**3/6 + 5*w**2/2 + 2*w. Let y be -5 - (2 - (2 + 0)). What is the units digit of a(y)?
5
Let w(v) = -13*v**3 - 15*v**2 + 45*v + 24. Let y(l) = 3*l**3 + 4*l**2 - 11*l - 6. Let p(g) = 2*w(g) + 9*y(g). What is the units digit of p(-7)?
8
What is the units digit of ((-2)/3*-3)/2?
1
Let l = -32 - -21. Let a = l + 19. What is the units digit of a?
8
Suppose 156 = 2*s + 42. What is the units digit of s?
7
Suppose 3*t - 48 = 447. What is the units digit of t?
5
Let y(u) = -2*u. Let l = -21 + 17. What is the units digit of y(l)?
8
Suppose -2*c - 4 = -18. Let p = c - 0. What is the units digit of p?
7
Suppose -a + 4*p = -172, -6 = p - 11. What is the tens digit of a?
9
Let h(i) = i**2 - 2. Suppose -2*p = 2 + 2. What is the units digit of h(p)?
2
Let p(k) = 3*k**2 - 4*k - 5. What is the tens digit of p(6)?
7
Let b(d) = 8*d**3 - d**2 + 2. What is the units digit of b(2)?
2
Suppose -p + 4*v = -22 + 4, 0 = -3*p - 5*v + 20. Let d be 1*(1 + p) + -3. Let s(k) = 2*k - 8. What is the units digit of s(d)?
8
Suppose 0 = -4*m + 4*y + 4, 0 = 2*m - y - 4 - 2. Suppose -m*n = -2*n - 33. What is the units digit of n?
1
Let f(y) = -3*y - 1. Suppose 0 = -b - 2*b - 3. Let r be f(b). What is the tens digit of (-3 + r)*(-13 - -2)?
1
Let x = 0 + 5. Suppose 0 = -x*w + 20 + 50. What is the tens digit of w?
1
Suppose 5*d - 5*a - 369 - 406 = 0, 5*d = a + 775. What is the tens digit of d?
5
Let k(n) = -n**2 - 23*n - 55. What is the tens digit of k(-18)?
3
Let x(c) be the second derivative of 0*c**2 + 1/20*c**5 + 1/3*c**4 + 0 + 1/6*c**3 - 2*c. What is the units digit of x(-3)?
6
What is the tens digit of 27/6*(-24)/(-9)?
1
Let d = -17 + 10. Let c(k) = -k**3 - 11*k**2 - 9*k - 2. Let b(q) = -2*q**3 - 21*q**2 - 17*q - 4. Let a(w) = -3*b(w) + 5*c(w). What is the units digit of a(d)?
9
Suppose 0 = -0*y - 4*y + 24. Suppose 2*x - 16 = 2*d, -2*x + y*x + 3*d = 18. What is the units digit of x?
6
Let d be (18/(-10))/(21/(-70)). Suppose 21 = 2*s + 3*f, 4*f - 5*f + 46 = 5*s. Let c = d + s. What is the tens digit of c?
1
Let o be (60/16)/((-2)/(-8)). Let b = o + -32. Let m = b + 25. What is the units digit of m?
8
Let d(r) = 89*r - 6. What is the units digit of d(3)?
1
Let v = 11 + -9. Suppose -g = v*g - 18. What is the tens digit of (38/3)/(g/9)?
1
Let w be (-34 - 0)*(-1)/(-2). Let o = -12 - w. What is the units digit of o?
5
Let j = 42 + -22. What is the units digit of j?
0
Let b = 37 + -8. What is the tens digit of b?
2
Suppose -2*q - 4 = 0, 48 = 3*j + 4*q + 2. Suppose -2*d = 2*y - 68, d + 3*y - j = -2*y. What is the tens digit of d?
3
Suppose 3*i - 5*i + 4*a + 72 = 0, 16 = i + 2*a. What is the units digit of i?
6
Suppose 2*j - 18 = -4*j. What is the units digit of j?
3
Let s(m) = m + 22. What is the tens digit of s(10)?
3
Let v(g) = 6*g**3 + 9*g - 3*g**3 - 2*g**3 - 3*g**2 + 12*g**2 + 4. Let f be v(-8). What is the units digit of f/(-3)*(-9)/(-3)?
4
Suppose 0 = 4*h - h - 6. Suppose -4*m + 77 = 5*v - h, -43 = -3*v + 2*m. What is the units digit of v?
5
What is the tens digit of 1515/39 + (-6)/(-39)?
3
Let k be 378/(-14) + 1*-3. What is the units digit of (k/(-8))/((-21)/(-224))?
0
Let k(s) = -10*s + 3. What is the tens digit of k(-5)?
5
Suppose 0 = j + 3*j + 28. Let l be ((-4)/6)/(j/21). Suppose -3*w - 2*w + l*n = -72, 0 = -3*w + 2*n + 40. What is the tens digit of w?
1
Let h = -2 + 0. Let i = 4 + h. What is the units digit of (4/5)/(i/5)?
2
Let b(x) = -x**2 + 5*x + 6. Let s = 2 - -4. Let c be b(s). Suppose t - 4*t + 21 = c. What is the units digit of t?
7
Suppose c + 71 = 4*k - 54, 3*c + 15 = 0. Suppose 4*f + s - k = 0, 5*s - 2*s = f - 14. What is the units digit of f?
8
Let u = -13 + 18. Suppose -v + 0*v = -u*o + 12, -3*o + 5*v + 16 = 0. Suppose 6 = 2*n + o. What is the units digit of n?
2
What is the units digit of (-10)/(-3)*(13 - 4)?
0
Suppose -5*m - 19 = -2*c, m = 4*c - 0*m - 11. Let z(x) = -6 - x**c + 1 - 2*x - 6*x. What is the tens digit of z(-5)?
1
Let q be 33/15 + (-2)/10. Suppose 1 = -q*f - 5. What is the units digit of (-4)/f*3/2?
2
Let v = -29 - -13. What is the units digit of ((-42)/(-8))/((-6)/v)?
4
Suppose 2*h + 4*h + 204 = 0. Let i = 50 + h. What is the tens digit of i?
1
Suppose -5*j - 5*m + 235 = -0*m, 5*j - 247 = m. What is the units digit of j?
9
Let u = 5 + -3. Suppose u*j + j = 24. Suppose 0 = -4*b + 6*b - j. What is the units digit of b?
4
Let g(i) = i. Let a(n) = -n - 1. Let v(x) = -a(x) - 3*g(x). What is the units digit of v(-6)?
3
Suppose -y + 306 = 2*y. Suppose -y + 14 = -4*j. What is the units digit of j?
2
What is the tens digit of 39/(-52) - 43/(-4)?
1
Let w = -14 - -35. What is the tens digit of w?
2
Suppose -5*u + 600 + 105 = 0. What is the tens digit of u?
4
Let u be -1*(1 + -2) - 3. Let t be u/(-4) - 18/(-4). Suppose 5*f + n = t*n + 91, 22 = 2*f + 2*n. What is the tens digit of f?
1
Let g be (20/(-8))/(1/(-2)). Let l = 8 - g. What is the units digit of l?
3
Let r(w) = w**2 + w - 3. Let z be r(-3). Suppose 0 = -7*q + z*q + 100. What is the tens digit of q?
2
Let i(l) = l**3 - 5*l**2 + 2*l - 7. Let x be i(5). Suppose x*n - 77 = 13. What is the tens digit of n?
3
Let h = -83 - -58. Let z = -9 - h. What is the tens digit of z?
1
